prime number?
False
Is 63241 prime?
True
Is 1364287 a composite number?
False
Is 41011 prime?
True
Is 131959 a prime number?
True
Is 242615 prime?
False
Is 52747 a prime number?
True
Is 15819 composite?
True
Is 4227 a prime number?
False
Is 10473 prime?
False
Is 1053691 composite?
False
Is 59439 composite?
True
Is 125813 a prime number?
True
Is 4511 composite?
True
Is 533 composite?
True
Is 3599566 a composite number?
True
Is 394619 prime?
True
Is 119359 a composite number?
False
Is 589481 composite?
False
Is 6005 a composite number?
True
Is 7121 composite?
False
Is 100783 a composite number?
True
Is 34231 a composite number?
False
Is 74147 a prime number?
False
Is 3593 a composite number?
False
Is 5601 prime?
False
Is 54617 composite?
False
Is 3295 composite?
True
Is 14243 a composite number?
False
Is 77381 a composite number?
True
Is 2940961 composite?
True
Is 20329 a prime number?
False
Is 159694 prime?
False
Is 476953 composite?
True
Is 541 prime?
True
Is 427913 composite?
False
Is 1157 composite?
True
Is 12333 a prime number?
False
Is 12451 prime?
True
Is 11197 composite?
False
Is 525059 composite?
True
Is 621109 a prime number?
False
Is 1039 prime?
True
Is 404803 a composite number?
True
Is 3391 prime?
True
Is 16783 a prime number?
False
Is 28849 a prime number?
False
Is 3163 a composite number?
False
Is 929107 composite?
True
Is 739 a composite number?
False
Is 129581 prime?
True
Is 1959361 prime?
True
Is 43773 composite?
True
Is 45691 a prime number?
True
Is 402973 composite?
True
Is 2897 prime?
True
Is 4417 a prime number?
False
Is 121453 composite?
False
Is 42557 a composite number?
False
Is 14077 composite?
True
Is 130171 composite?
False
Is 2257391 a composite number?
False
Is 45635 composite?
True
Is 2479 a prime number?
False
Is 119557 prime?
True
Is 2822633 prime?
False
Is 8309 a composite number?
True
Is 9791 a prime number?
True
Is 1115 a prime number?
False
Is 8267 a composite number?
True
Is 5147 a prime number?
True
Is 366161 prime?
True
Is 704983 a prime number?
True
Is 9589 a composite number?
True
Is 1353641 a prime number?
True
Is 4073 a composite number?
False
Is 14143 a prime number?
True
Is 9913 a composite number?
True
Is 524669 prime?
True
Is 94249 prime?
False
Is 364323 a prime number?
False
Is 7151 a prime number?
True
Is 30367 a prime number?
True
Is 27571 prime?
False
Is 966785 a prime number?
False
Is 228493 a composite number?
True
Is 461069 prime?
False
Is 232049 a prime number?
True
Is 9151 composite?
False
Is 13523 composite?
False
Is 200401 a composite number?
False
Is 662797 a composite number?
False
Is 41155 prime?
False
Is 583189 prime?
True
Is 26797 a prime number?
False
Is 90187 a prime number?
True
Is 48947 a composite number?
False
Is 57257 a prime number?
False
Is 36415 composite?
True
Is 175061 composite?
False
Is 37798 composite?
True
Is 106319 prime?
True
Is 87463 a prime number?
False
Is 284367 composite?
True
Is 19531 prime?
True
Is 110167 composite?
True
Is 71453 a composite number?
False
Is 26557 composite?
False
Is 5261 a prime number?
True
Is 8513 composite?
False
Is 400823 composite?
False
Is 1151 prime?
True
Is 59765 a prime number?
False
Is 244529 a composite number?
False
Is 1084003 prime?
False
Is 7831 composite?
True
Is 14369 a composite number?
False
Is 97547 composite?
False
Is 71503 a prime number?
True
Is 12007 a composite number?
False
Is 49783 prime?
True
Is 488119 a prime number?
True
Is 244537 prime?
False
Is 119785 prime?
False
Is 1647146 composite?
True
Is 441773 prime?
False
Is 751867 composite?
False
Is 1069373 prime?
False
Is 357839 composite?
False
Is 5981 composite?
False
Is 563 a prime number?
True
Is 29721 prime?
False
Is 49615 prime?
False
Is 192026 a composite number?
True
Is 30497 prime?
True
Is 780149 prime?
False
Is 482297 prime?
False
Is 22961 composite?
False
Is 636499 a composite number?
False
Is 1281937 composite?
False
Is 3377 a composite number?
True
Is 1213 a prime number?
True
Is 24763 a composite number?
False
Is 1637 prime?
True
Is 13343 composite?
True
Is 7477 prime?
True
Is 166393 a composite number?
False
Is 5509 a composite number?
True
Is 5579 composite?
True
Is 3269 prime?
False
Is 49453 a prime number?
False
Is 7901 a composite number?
False
Is 15937 a prime number?
True
Is 1823 composite?
False
Is 47051 a composite number?
False
Is 39659 a prime number?
True
Is 6383 a composite number?
True
Is 1086683 composite?
True
Is 4884733 a prime number?
False
Is 111451 a prime number?
False
Is 548189 a prime number?
True
Is 372181 prime?
False
Is 1814951 a composite number?
False
Is 811039 prime?
True
Is 5531 prime?
True
Is 53435 a prime number?
False
Is 432167 composite?
False
Is 50017 a prime number?
False
Is 13523 composite?
False
Is 7607 prime?
True
Is 1791095 prime?
False
Is 52135 composite?
True
Is 38509 a composite number?
True
Is 39745 composite?
True
Is 198449 prime?
False
Is 108065 composite?
True
Is 48953 a composite number?
False
Is 267617 a prime number?
False
Is 23417 a prime number?
True
Is 663683 a composite number?
False
Is 72115 prime?
False
Is 1469243 a prime number?
False
Is 17695 a composite number?
True
Is 10299 composite?
True
Is 258199 prime?
False
Is 56249 prime?
True
Is 63409 composite?
False
Is 310179 prime?
False
Is 4721 a prime number?
True
Is 7331 composite?
False
Is 30427 prime?
True
Is 13577 composite?
False
Is 17863 a prime number?
True
Is 26099 prime?
True
Is 30454 composite?
True
Is 101641 a composite number?
False
Is 391 a composite number?
True
Is 106955 composite?
True
Is 659899 a composite number?
False
Is 27361 a prime number?
True
Is 111049 a composite number?
False
Is 1959305 prime?
False
Is 107867 a composite number?
False
Is 256279 a composite number?
False
Is 5815 composite?
True
Is 29849 a prime number?
False
Is 237127 a prime number?
False
Is 614 composite?
True
Is 8887 composite?
False
Is 835513 composite?
True
Is 53189 a prime number?
True
Is 1709 a prime number?
True
Is 310949 a prime number?
True
Is 76723 a prime number?
False
Is 18947 composite?
False
Is 273687 a composite number?
True
Is 1897223 a prime number?
False
Is 285002 composite?
True
Is 2777 prime?
True
Is 345379 a prime number?
True
Is 1088093 a composite number?
False
Is 162593 prime?
True
Is 576019 composite?
False
Is 797 composite?
False
Is 859 composite?
False
Is 12631 composite?
True
Is 3008741 a composite number?
False
Is 194371 a prime number?
True
Is 48089 prime?
False
Is 8257 composite?
True
Is 1477559 a composite number?
False
Is 51109 a composite number?
False
Is 13439 a prime number?
False
Is 39826 a composite number?
True
Is 20287 prime?
True
Is 13469 composite?
False
Is 28241 prime?
False
Is 8209 prime?
True
Is 1116263 a prime number?
False
Is 7754 a composite number?
True
Is 1891 composite?
True
Is 939737 prime?
True
Is 24907 composite?
False
Is 127441 a composite number?
True
Is 1163 a prime number?
True
Is 19385 prime?
False
Is 8461 composite?
False
Is 772649 a prime number?
True
Is 9391 a composite number?
False
Is 50041 a prime number?
False
Is 647861 a composite number?
False
Is 5557 a prime number?
True
Is 114143 composite?
False
Is 479285 composite?
True
Is 32605 a composite number?
True
Is 170977 composite?
True
Is 253 a prime number?
False
Is 4271 composite?
False
Is 45361 a composite number?
False
Is 59693 prime?
True
Is 149585 prime?
False
Is 16823 a composite number?
False
Is 283207 a composite number?
False
Is 3433 a composite number?
False
Is 167867 a prime number?
False
Is 4037 prime?
False
Is 2766109 prime?
True
Is 52609 prime?
True
Is 701 composite?
False
Is 432869 composite?
False
Is 1777731 a composite number?
True
Is 26801 a prime number?
True
Is 825791 a prime number?
True
Is 5327045 prime?
False
Is 1643997 prime?
False
Is 439 prime?
True
Is 5333 prime?
True
Is 1060303 a composite number?
False
Is 3985 composite?
True
Is 146203 prime?
True
Is 304237 a prime number?
False
Is 1901222 composite?
True
Is 11311 a composite number?
False
Is 123302 a prime number?
False
Is 65053 prime?
True
Is 4265 a prime number?
False
Is 115361 a composite number?
False
Is 441023 composite?
True
Is 7033 a prime number?
False
Is 7387927 prime?
True
Is 1061 a prime number?
True
Is 26801 a prime number?
True
Is 20489 a prime 